150. Calculate the highest common divisor of 60 and m.
12
Let q(g) = g**2 + 4*g - 4. Let c be q(-4). Let k be c/3*(-6)/(-2). Let v(b) = -3*b - 1. Let r be v(k). Calculate the highest common divisor of r and 22.
11
Let d be (-508625)/50*(-6)/15. What is the greatest common divisor of 13 and d?
13
Let a = -6 - 0. Let w be (5/(-3))/(a/36). Let r(z) = 39*z**3 + 2*z**2 - 17*z + 16. Let n be r(1). What is the greatest common divisor of w and n?
10
Let k(n) = 27*n + 7. Let q(g) = -41*g - 11. Let a(v) = 8*k(v) + 5*q(v). Let o be a(4). What is the highest common factor of 15 and o?
15
Let g be 4*(3*1/12 + 2). Suppose -h + 27 = -g. Calculate the greatest common factor of 9 and h.
9
Let j(k) = k**3 - 4*k**2 - 10*k + 9. Let x be j(6). Let d(a) = 13*a + a**2 - 4*a + 4 + 3. Let y be d(-9). What is the highest common divisor of y and x?
7
Let c = 59 + -33. Suppose -l + d - 32 = -4*l, -4*l + 2*d + c = 0. Suppose 3*a = l, -4*a - a = -4*y - 7. Calculate the highest common divisor of y and 4.
2
Suppose 0 = -24*s - 57 + 729. Calculate the highest common divisor of 126 and s.
14
Let k = 67 + -112. Let m be -5 - ((-68)/4 - -2). Let u = m - k. Calculate the highest common factor of u and 5.
5
Let b be (((-616)/(-5))/(-11))/((-2)/215). What is the greatest common divisor of 28 and b?
28
Suppose -5*a - 1 = -h - 26, 9 = -4*a - 5*h. Suppose 751 = 2*r + 5*g, -1511 = -a*r - g - 0*g. Calculate the greatest common divisor of 14 and r.
14
Let d = 10 + -5. Suppose -d*n = -11 - 99. Let m(t) = t**2 - 10*t + 11. Let u be m(-11). What is the greatest common factor of u and n?
22
Let g be -14*(4*2/16)/1. Let t be (-2 + -1)*((4 - -1) + g). Calculate the highest common divisor of t and 2.
2
Let k = -52 - -129. Suppose -o + k = 15. What is the highest common factor of 155 and o?
31
Let j be (-665)/(-42) + 2/12. Let m be (-4)/(-6) - 200/30. Let u(v) = v**3 + 7*v**2 - 2*v. Let z be u(m). Calculate the greatest common divisor of j and z.
16
Let u = 33 + -32. Let h be ((-17)/(-17))/(u/5). Suppose 3*y + 9 = 0, -5*y = h*w - y - 38. Calculate the greatest common factor of w and 30.
10
Let p = 1109 + 1941. What is the greatest common factor of p and 25?
25
Let w(k) = -k**3 - 27*k**2 - 31*k + 18. Let g be w(-26). What is the greatest common factor of 222 and g?
74
Let w be (37/7 + (-22 + 17)/5)*42. Suppose 0 = -g + 2*g - 72. Calculate the greatest common divisor of w and g.
36
Let g = 50 + -42. Let c be g/(3 + 1) - -4. What is the highest common divisor of 2 and c?
2
Suppose 0 = 6*x - 86 - 412. Let r = 88 - x. What is the highest common factor of 20 and r?
5
Suppose -329 = -4*c - v, -473 + 62 = -5*c - v. Let u = c - 34. Calculate the highest common factor of u and 12.
12
Suppose 0 = 2*b - 7 - 13. Suppose 4*k - b = 10. Let w be (21/k)/(15/225). What is the greatest common divisor of 9 and w?
9
Let b = -488 + 863. Calculate the highest common divisor of 30 and b.
15
Suppose -k + 368 = 3*k. Let q = -10 + k. Calculate the greatest common divisor of 123 and q.
41
Let q = 1 + -3. Let l be 5/6*q*-9. Let r(y) = 6*y + 27. Let i be r(-2). Calculate the greatest common divisor of l and i.
15
Let s be 6/(-1) - (-8)/(-16)*-22. Calculate the greatest common divisor of 6 and s.
1
Let j = 100 + -166. Let p be (-126)/(-12)*j/(-9). Calculate the greatest common factor of 7 and p.
7
Suppose 6*k = 5*k + 90. Let y be (-5)/(-2)*288/k. Let f(h) = 4*h**2 - h + 2. Let w be f(-2). Calculate the highest common factor of y and w.
4
Let j be (-15)/(25/5) + 1 + 2. Suppose 3*l - 5*t = 365 - 39, -l + 4*t + 104 = j. Calculate the greatest common factor of l and 16.
16
Let k(u) = 61*u + 187. Let q be k(-3). Let o be (-15)/2 - (-2)/(-4). Let x = 16 + o. What is the highest common factor of x and q?
4
Let b(q) = q**2 + 32*q - 108. Let p be b(4). What is the highest common divisor of p and 828?
36
Let f(y) = -y**3 - 56. Let a be f(0). Let u be a/(-3) - 5/(-15). Suppose l = 46 + 11. What is the greatest common factor of l and u?
19
Suppose 3*o = -0*o + 15. Suppose -5*u - 5*q = -3*q - 2, 20 = -5*q. What is the greatest common divisor of o and u?
1
Suppose 0*p + 4*p = 16. Suppose -p*v + 27 = -v. Suppose d + 6*d = 126. What is the highest common factor of v and d?
9
Suppose 2*v = 379 - 291. What is the greatest common divisor of v and 165?
11
Suppose 10*t - 4*t = 486. Let c be (-26 + 4)*11/(-2). Let y = c - t. What is the greatest common factor of y and 100?
20
Suppose y - 5*o = -16, -5*y - 22 = 5*o - 62. Suppose f + 2 = 5*b + 4, b = 0. Suppose f*z - 1 = 3. What is the highest common divisor of z and y?
2
Suppose -53 + 242 = 3*p. Let f be (-76)/(-2)*1 + 4/1. What is the greatest common divisor of f and p?
21
Suppose -n - 16 + 20 = 0. Suppose -5*b + 11 = -2*g - 19, b = -n*g + 6. What is the greatest common divisor of 8 and b?
2
Let z be 1/((-3)/(57/1)). Let q = z + 10. Let i be 4/(-18) + (-254)/q. What is the greatest common divisor of 4 and i?
4
Let i = 8 - 8. Let k be 1 - (6 + (-1 - i)). Let d(p) = -4*p + 4. Let j be d(k). What is the greatest common divisor of j and 10?
10
Let n(p) = -p**2 + 7*p + 2. Let w be n(7). Suppose 0 = 2*t + w*l - 180, 2*t = -2*l - 2*l + 184. Calculate the greatest common factor of 33 and t.
11
Let y(f) = 97*f**2 - 2. Let g be -5 - 0/1 - -4. Let q be y(g). What is the highest common divisor of q and 19?
19
Suppose 5*z - b - 11552 = 0, -2170 - 156 = -z - 5*b. Suppose 2474 = 15*w - z. What is the highest common factor of w and 29?
29
Let g = 1122 - -88. What is the greatest common factor of 55 and g?
55
Let x be ((-18)/(-24))/((-3)/(-36)). Suppose -1 = 2*j - x. Calculate the greatest common factor of j and 20.
4
Suppose k + 239 = 245. Calculate the highest common factor of k and 38.
2
Suppose 5*w = 3*p + 122, -54 = -6*w + 4*w - 4*p. Let o be (3/27)/(3/(-9))*-27. Let u = o + w. What is the highest common divisor of u and 17?
17
Let i(q) be the first derivative of 5/2*q**2 + 1 + 2*q - 1/4*q**4 - 5/3*q**3. Let b be i(-6). Calculate the greatest common factor of b and 88.
8
Suppose 27*i = 22 + 113. What is the greatest common divisor of 85 and i?
5
Let p be (92/(-10))/((17/(-20))/17). What is the greatest common divisor of p and 69?
23
Suppose -6*d = 5*b - 5*d - 2206, -3*d + 3 = 0. What is the highest common divisor of b and 126?
63
Let j = -88 + 109. Let n(p) = 3*p**2 + 3*p - 4. Let y be n(2). What is the highest common divisor of j and y?
7
Let p be -65*(3/4)/((-10)/328). What is the greatest common factor of 78 and p?
39
Let s be (1/((-5)/(-42)))/(2/10). Let p = 7 + 2. Let q = p + -3. Calculate the greatest common divisor of s and q.
6
Suppose 3 = -2*r - 1. Let g be -3 + (13 - 2) + r. Suppose 6*n - 63 + 39 = 0. Calculate the highest common divisor of g and n.
2
Let b be (46/23)/(0 + 1). Suppose -b*m + 2*o + 70 = 0, 4*o + 20 = -4*m + 152. What is the highest common factor of 51 and m?
17
Suppose -4*b + 492 = -3*z, 0 = 7*b - 2*b + 2*z - 592. Suppose b = -7*j + 9*j. What is the greatest common factor of 20 and j?
20
Suppose -10485*v + 10477*v = -10136. Calculate the highest common factor of 7 and v.
7
Suppose -21 = -2*i - i. Let c = i - -29. Suppose -9*h - 38 + 74 = 0. What is the greatest common divisor of c and h?
4
Let r = -143 + 161. Calculate the highest common divisor of r and 234.
18
Suppose -4*c + 4*z = -0*z - 112, 5*z - 139 = -4*c. Calculate the greatest common factor of c and 992.
31
Suppose -2*p = 2*n - 36, 5*n - 26 = 6*p - 7*p. Let r(z) = z**2 - 14*z + 36. Let h be r(p). What is the greatest common factor of h and 17?
17
Let p = -64 + 144. Suppose 3*a - 6 = 2*r, -a - 4*r + 2 = -14. Suppose -a*h + 88 = -40. Calculate the greatest common divisor of p and h.
16
Let j be (-227)/(-2) - -3*(-3)/18. Let z = 320 - j. Suppose 92 = 4*i + 5*p, -3*p - 54 - 38 = -4*i. Calculate the greatest common divisor of z and i.
23
Suppose -6*k = 147 - 4593. What is the highest common divisor of k and 39?
39
Let u be (-4)/6 + 10322/39. Let x be 37 + 1 + (-15)/3. Calculate the highest common divisor of x and u.
33
Let a(z) = 3*z**2 - 12*z + 4. Let l be a(8). Suppose l = -7*c + 12*c. What is the greatest common divisor of c and 8?
4
Let p(g) = 4*g**2 - g - 1. Let z be p(-5). Let y = z + -69. Let u(r) = -r. Let n be u(-5). Calculate the highest common divisor of y and n.
5
Suppose -4*x + 5*h + 199 = 0, -7*x + 3*h = -2*x - 